Calculate the remainder when 9162 is divided by 1183.
881
What is the remainder when 43714 is divided by 21846?
22
Calculate the remainder when 664 is divided by 141.
100
Calculate the remainder when 26540 is divided by 157.
7
Calculate the remainder when 20519 is divided by 24.
23
Calculate the remainder when 801 is divided by 169.
125
What is the remainder when 11119 is divided by 139?
138
What is the remainder when 18725 is divided by 98?
7
What is the remainder when 7476 is divided by 40?
36
What is the remainder when 237026 is divided by 79002?
20
What is the remainder when 17901 is divided by 167?
32
Calculate the remainder when 27898 is divided by 124.
122
What is the remainder when 76029 is divided by 10853?
58
What is the remainder when 30364 is divided by 274?
224
Calculate the remainder when 584980 is divided by 433.
430
Calculate the remainder when 315880 is divided by 59.
53
Calculate the remainder when 8560 is divided by 8542.
18
What is the remainder when 4539 is divided by 6?
3
Calculate the remainder when 398865 is divided by 99713.
13
Calculate the remainder when 17188 is divided by 128.
36
What is the remainder when 1085 is divided by 509?
67
What is the remainder when 86303 is divided by 248?
247
Calculate the remainder when 174155 is divided by 6.
5
Calculate the remainder when 3523 is divided by 128.
67
What is the remainder when 21268 is divided by 7087?
7
What is the remainder when 16987 is divided by 5657?
16
Calculate the remainder when 128913 is divided by 11717.
26
What is the remainder when 425244 is divided by 67?
62
What is the remainder when 594537 is divided by 270?
267
What is the remainder when 24058 is divided by 23639?
419
What is the remainder when 3220 is divided by 153?
7
What is the remainder when 13918 is divided by 856?
222
Calculate the remainder when 9431 is divided by 220.
191
Calculate the remainder when 1210 is divided by 204.
190
What is the remainder when 89970 is divided by 141?
12
Calculate the remainder when 2039 is divided by 696.
647
Calculate the remainder when 43715 is divided by 28.
7
Calculate the remainder when 15196 is divided by 7592.
12
Calculate the remainder when 64730 is divided by 914.
750
Calculate the remainder when 40223 is divided by 771.
131
What is the remainder when 1147 is divided by 30?
7
Calculate the remainder when 964732 is divided by 2057.
2056
What is the remainder when 9437 is divided by 85?
2
What is the remainder when 3984 is divided by 1687?
610
What is the remainder when 68226 is divided by 22?
4
Calculate the remainder when 6731 is divided by 3314.
103
What is the remainder when 27451 is divided by 33?
28
What is the remainder when 6651 is divided by 867?
582
What is the remainder when 11383 is divided by 761?
729
Calculate the remainder when 81200 is divided by 671.
9
What is the remainder when 17638 is divided by 19?
6
Calculate the remainder when 367159 is divided by 313.
10
What is the remainder when 1572583 is divided by 51?
49
Calculate the remainder when 45741 is divided by 14.
3
Calculate the remainder when 26592 is divided by 3321.
24
Calculate the remainder when 10501 is divided by 3403.
292
What is the remainder when 2495 is divided by 347?
66
Calculate the remainder when 49640 is divided by 24811.
18
Calculate the remainder when 7201 is divided by 623.
348
Calculate the remainder when 61309 is divided by 20413.
70
What is the remainder when 215097 is divided by 251?
241
What is the remainder when 9752 is divided by 1090?
1032
What is the remainder when 220199 is divided by 61?
50
What is the remainder when 39367 is divided by 184?
175
Calculate the remainder when 126371 is divided by 110.
91
Calculate the remainder when 3750 is divided by 1870.
10
Calculate the remainder when 470389 is divided by 77.
73
Calculate the remainder when 4441 is divided by 2165.
111
What is the remainder when 54753 is divided by 117?
114
Calculate the remainder when 28110 is divided by 251.
249
What is the remainder when 3797 is divided by 9?
8
What is the remainder when 4483 is divided by 320?
3
What is the remainder when 40042 is divided by 38?
28
What is the remainder when 4629 is divided by 329?
23
What is the remainder when 49720 is divided by 37?
29
What is the remainder when 86216 is divided by 22?
20
What is the remainder when 44397 is divided by 6?
3
What is the remainder when 774 is divided by 731?
43
Calculate the remainder when 175542 is divided by 25076.
10
What is the remainder when 12471 is divided by 1780?
11
What is the remainder when 32483 is divided by 17?
13
Calculate the remainder when 11101 is divided by 44.
13
What is the remainder when 3623 is divided by 789?
467
Calculate the remainder when 33563 is divided by 71.
51
What is the remainder when 79318 is divided by 9907?
62
Calculate the remainder when 1705 is divided by 1704.
1
Calculate the remainder when 9478 is divided by 2331.
154
Calculate the remainder when 23339 is divided by 307.
7
What is the remainder when 656083 is divided by 286?
285
What is the remainder when 79163 is divided by 25?
13
Calculate the remainder when 157382 is divided by 1259.
7
Calculate the remainder when 181029 is divided by 397.
394
What is the remainder when 78744 is divided by 334?
254
Calculate the remainder when 4901 is divided by 248.
189
Calculate the remainder when 37982 is divided by 2531.
17
Calculate the remainder when 807 is divided by 61.
14
Calculate the remainder when 8261 is divided by 45.
26
What is the remainder when 138594 is divided by 42?
36
Calculate the remainder when 3007 is divided by 41.
14
What is the remainder when 3542 is divided by 303?
209
Calculate the remainder when 407689 is divided by 10.
9
What is the remainder when 2412 is divided by 17?
15
What is the remainder when 4776 is divided by 366?
18
What is the remainder when 9688 is divided by 4841?
6
What is the remainder when 343905 is divided by 35?
30
What is the remainder when 181269 is divided by 546?
543
What is the remainder when 9156222 is divided by 88?
86
What is the remainder when 14488 is divided by 414?
412
Calculate the remainder when 18803 is divided by 435.
98
Calculate the remainder when 4976 is divided by 139.
111
Calculate the remainder when 22328 is divided by 299.
202
Calculate the remainder when 109254 is divided by 30.
24
Calculate the remainder when 35220 is divided by 35219.
1
What is the remainder when 18377 is divided by 6077?
146
What is the remainder when 66157 is divided by 59?
18
Calculate the remainder when 195400 is divided by 497.
79
What is the remainder when 12170 is divided by 60?
50
What is the remainder when 31643 is divided by 2875?
18
Calculate the remainder when 3542 is divided by 3528.
14
What is the remainder when 31893 is divided by 14?
1
Calculate the remainder when 91195 is divided by 359.
9
What is the remainder when 2989 is divided by 1489?
11
What is the remainder when 966677 is divided by 260?
257
What is the remainder when 6321 is divided by 122?
99
Calculate the remainder when 971 is divided by 123.
110
What is the remainder when 483220 is divided by 96639?
25
What is the remainder when 32664 is divided by 16277?
110
What is the remainder when 24221 is divided by 185?
171
Calculate the remainder when 459 is divided by 23.
22
What is the remainder when 1023 is divided by 133?
92
Calculate the remainder when 5134 is divided by 396.
382
What is the remainder when 115093 is divided by 4603?
18
What is the remainder when 36643 is divided by 110?
13
Calculate the remainder when 6311899 is divided by 497.
496
What is the remainder when 762166 is divided by 69287?
9
What is the remainder when 977 is divided by 269?
170
Calculate the remainder when 1431358 is divided by 192.
190
What is the remainder when 30844 is divided by 159?
157
Calculate the remainder when 47485 is divided by 23735.
15
What is the remainder when 28050 is divided by 31?
26
Calculate the remainder when 1697 is divided by 713.
271
What is the remainder when 8269 is divided by 704?
525
Calculate the remainder when 1299 is divided by 545.
209
Calculate the remainder when 3969 is divided by 195.
69
What is the remainder when 63397 is divided by 21132?
1
What is the remainder when 59778 is divided by 124?
10
What is the